{"id":4585,"date":"2015-12-19T11:32:21","date_gmt":"2015-12-19T10:32:21","guid":{"rendered":"http:\/\/mich-bloggen.de\/wordpress\/?page_id=4585"},"modified":"2024-10-13T09:05:38","modified_gmt":"2024-10-13T07:05:38","slug":"wenn-dinge-traeumen","status":"publish","type":"page","link":"https:\/\/mich-bloggen.de\/wordpress\/wenn-dinge-traeumen\/","title":{"rendered":"Wenn Dinge tr\u00e4umen"},"content":{"rendered":"<p>Wenn Dinge tr\u00e4umen, wovon tr\u00e4umen sie? Und wenn sie sich erinnern, woran erinnern sie sich am Ende ihres Dinglebens?<br \/>\nVielleicht an einstige Gr\u00f6\u00dfe und spektakul\u00e4re Augenblicke.<\/p>\n<div  id=\"jtg-8233\" class=\"modula modula-gallery modula-columns\" data-config=\"{&quot;tabletHeight&quot;:800,&quot;mobileHeight&quot;:800,&quot;desktopHeight&quot;:800,&quot;enableTwitter&quot;:false,&quot;enableWhatsapp&quot;:false,&quot;enableFacebook&quot;:false,&quot;enablePinterest&quot;:false,&quot;enableLinkedin&quot;:false,&quot;enableEmail&quot;:false,&quot;randomFactor&quot;:0.5,&quot;type&quot;:&quot;grid&quot;,&quot;columns&quot;:12,&quot;gutter&quot;:10,&quot;mobileGutter&quot;:10,&quot;tabletGutter&quot;:10,&quot;desktopGutter&quot;:10,&quot;enableResponsive&quot;:&quot;0&quot;,&quot;tabletColumns&quot;:2,&quot;mobileColumns&quot;:1,&quot;lazyLoad&quot;:0,&quot;lightboxOpts&quot;:{&quot;animated&quot;:true,&quot;Thumbs&quot;:{&quot;type&quot;:&quot;modern&quot;,&quot;showOnStart&quot;:false,&quot;position&quot;:&quot;bottom&quot;},&quot;Toolbar&quot;:{&quot;display&quot;:{&quot;right&quot;:[&quot;close&quot;],&quot;left&quot;:[]},&quot;enabled&quot;:true},&quot;Carousel&quot;:{&quot;Panzoom&quot;:{&quot;touch&quot;:true},&quot;infinite&quot;:true,&quot;transition&quot;:&quot;fade&quot;},&quot;keyboard&quot;:{&quot;Escape&quot;:&quot;close&quot;,&quot;Delete&quot;:&quot;close&quot;,&quot;Backspace&quot;:&quot;close&quot;,&quot;PageUp&quot;:&quot;next&quot;,&quot;PageDown&quot;:&quot;prev&quot;,&quot;ArrowUp&quot;:&quot;prev&quot;,&quot;ArrowDown&quot;:&quot;next&quot;,&quot;ArrowRight&quot;:&quot;next&quot;,&quot;ArrowLeft&quot;:&quot;prev&quot;},&quot;touch&quot;:false,&quot;backdropClick&quot;:&quot;close&quot;,&quot;l10n&quot;:{&quot;CLOSE&quot;:&quot;Schlie\\u00dfen&quot;,&quot;NEXT&quot;:&quot;Weiter&quot;,&quot;PREV&quot;:&quot;Zur\\u00fcck&quot;,&quot;Error&quot;:&quot;Der angeforderte Inhalt kann nicht geladen werden. Bitte versuche es sp\\u00e4ter noch einmal.&quot;,&quot;PLAY_START&quot;:&quot;Slideshow starten&quot;,&quot;PLAY_STOP&quot;:&quot;Slideshow anhalten&quot;,&quot;FULL_SCREEN&quot;:&quot;Vollbild&quot;,&quot;THUMBS&quot;:&quot;Vorschaubilder&quot;,&quot;DOWNLOAD&quot;:&quot;Download&quot;,&quot;SHARE&quot;:&quot;Teilen&quot;,&quot;ZOOM&quot;:&quot;Vergr\\u00f6\\u00dfern&quot;,&quot;EMAIL&quot;:&quot;Hier ist der Link zum Bild: %%image_link%% und hier ist der Link zur Galerie: %%gallery_link%%&quot;,&quot;MODAL&quot;:&quot;Du kannst diesen Modal-Inhalt mit der ESC-Taste schlie\\u00dfen&quot;,&quot;ERROR&quot;:&quot;Es ist ein Fehler aufgetreten. Bitte versuche es sp\\u00e4ter noch einmal&quot;,&quot;IMAGE_ERROR&quot;:&quot;Bild nicht gefunden&quot;,&quot;ELEMENT_NOT_FOUND&quot;:&quot;HTML-Element nicht gefunden&quot;,&quot;AJAX_NOT_FOUND&quot;:&quot;Fehler beim Laden von AJAX: Nicht gefunden&quot;,&quot;AJAX_FORBIDDEN&quot;:&quot;Fehler beim Laden von AJAX: Zugriff verweigert&quot;,&quot;IFRAME_ERROR&quot;:&quot;Fehler beim Laden der Seite&quot;,&quot;TOGGLE_ZOOM&quot;:&quot;Zoomstufe umschalten&quot;,&quot;TOGGLE_THUMBS&quot;:&quot;Miniaturansichten ein-\\\/ausblenden&quot;,&quot;TOGGLE_SLIDESHOW&quot;:&quot;Diashow ein-\\\/ausschalten&quot;,&quot;TOGGLE_FULLSCREEN&quot;:&quot;Vollbildmodus umschalten&quot;},&quot;Images&quot;:{&quot;Panzoom&quot;:{&quot;maxScale&quot;:2},&quot;zoom&quot;:false},&quot;toolbar&quot;:true,&quot;infobar&quot;:false,&quot;wheel&quot;:false,&quot;animationEffect&quot;:&quot;zoom&quot;,&quot;transitionEffect&quot;:&quot;fade&quot;,&quot;Html&quot;:{&quot;videoAutoplay&quot;:0,&quot;videoTpl&quot;:&quot;&lt;video class=\\&quot;fancybox__html5video modula_html5_video\\&quot; controls playsinline controlsList controlsList=\\&quot;nodownload\\&quot; poster=\\&quot;{{poster}}\\&quot; src=\\&quot;{{src}}\\&quot; type=\\&quot;{{format}}\\&quot; &gt;  Sorry, your browser doesn&#039;t support embedded videos, &lt;a href=\\&quot;{{src}}\\&quot;&gt; download &lt;\\\/a&gt; and watch with your favorite video player! &lt;\\\/video&gt;&quot;,&quot;vimeo&quot;:{&quot;autopause&quot;:0}},&quot;mainClass&quot;:&quot;modula-fancybox-container modula-lightbox-jtg-8233&quot;,&quot;showClass&quot;:&quot;m-zoomIn&quot;,&quot;hideClass&quot;:&quot;m-zoomOut&quot;},&quot;inView&quot;:false,&quot;email_subject&quot;:&quot;Check out this awesome image !!&quot;,&quot;email_message&quot;:&quot;Here is the link to the image : %%image_link%% and this is the link to the gallery : %%gallery_link%%&quot;,&quot;grid_type&quot;:&quot;3&quot;,&quot;rowHeight&quot;:250,&quot;lastRow&quot;:&quot;justify&quot;,&quot;lightbox&quot;:&quot;fancybox&quot;,&quot;filterClick&quot;:&quot;0&quot;,&quot;dropdownFilters&quot;:&quot;0&quot;,&quot;defaultActiveFilter&quot;:&quot;all&quot;,&quot;initLightbox&quot;:&quot;modula_pro_init_lightbox&quot;,&quot;haveFilters&quot;:0,&quot;lightbox_devices&quot;:&quot;both&quot;,&quot;options&quot;:{&quot;lightbox&quot;:&quot;fancybox&quot;},&quot;enableSlideshow&quot;:&quot;0&quot;,&quot;enableAutoplay&quot;:&quot;0&quot;,&quot;slideshowSpeed&quot;:5000,&quot;pauseOnHover&quot;:&quot;0&quot;}\">\n\n\t<div class=\"modula-grid-sizer\"> <\/div>\n\t<div  class=\"modula-items grid-gallery\">\n\t\t<div class=\"modula-item jtg-filter-all jtg-filter-\" >\n\t<div class=\"modula-item-content\">\n\t\t\n\t\t\t\t\t<a data-image-id=\"2640\" role=\"button\" tabindex=\"0\" rel=\"jtg-8233\" data-caption=\"&lt;span class=&quot;modula-caption-title&quot;&gt;Ockenheim (2014)&lt;\/span&gt;\" aria-label=\"Bilder in Lightbox \u00f6ffnen\" data-thumb=\"https:\/\/mich-bloggen.de\/wordpress\/wp-content\/uploads\/2014\/09\/MG_4195.jpg\" class=\"tile-inner modula-item-link\"><\/a>\n\t\t\n\t\t<img loading=\"lazy\" decoding=\"async\" class=\"pic wp-image-2640\"  data-valign=\"middle\" data-halign=\"center\" alt=\"Ockenheim (2014)\" data-full=\"https:\/\/mich-bloggen.de\/wordpress\/wp-content\/uploads\/2014\/09\/MG_4195.jpg\" title=\"Ockenheim (2014)\" crop=\"\" width=\"4788\" height=\"2923\" src=\"https:\/\/mich-bloggen.de\/wordpress\/wp-content\/uploads\/2014\/09\/MG_4195.jpg\" data-src=\"https:\/\/mich-bloggen.de\/wordpress\/wp-content\/uploads\/2014\/09\/MG_4195.jpg\" data-caption=\"Ockenheim (2014)\" srcset=\"https:\/\/mich-bloggen.de\/wordpress\/wp-content\/uploads\/2014\/09\/MG_4195.jpg 4788w, https:\/\/mich-bloggen.de\/wordpress\/wp-content\/uploads\/2014\/09\/MG_4195-300x183.jpg 300w, https:\/\/mich-bloggen.de\/wordpress\/wp-content\/uploads\/2014\/09\/MG_4195-1024x625.jpg 1024w, https:\/\/mich-bloggen.de\/wordpress\/wp-content\/uploads\/2014\/09\/MG_4195-620x378.jpg 620w, https:\/\/mich-bloggen.de\/wordpress\/wp-content\/uploads\/2014\/09\/MG_4195-50x30.jpg 50w\" sizes=\"auto, (max-width: 767px) 89vw, (max-width: 1000px) 54vw, (max-width: 1071px) 543px, 580px\" \/>\n\t<\/div>\n\n<\/div><div class=\"modula-item jtg-filter-all jtg-filter-\" >\n\t<div class=\"modula-item-content\">\n\t\t\n\t\t\t\t\t<a data-image-id=\"4568\" role=\"button\" tabindex=\"0\" rel=\"jtg-8233\" data-caption=\"&lt;span class=&quot;modula-caption-title&quot;&gt;Ingelheim (2014)&lt;\/span&gt;\" aria-label=\"Bilder in Lightbox \u00f6ffnen\" data-thumb=\"https:\/\/mich-bloggen.de\/wordpress\/wp-content\/uploads\/2015\/12\/MG_3118.jpg\" class=\"tile-inner modula-item-link\"><\/a>\n\t\t\n\t\t<img loading=\"lazy\" decoding=\"async\" class=\"pic wp-image-4568\"  data-valign=\"middle\" data-halign=\"center\" alt=\"Ingelheim (2014)\" data-full=\"https:\/\/mich-bloggen.de\/wordpress\/wp-content\/uploads\/2015\/12\/MG_3118.jpg\" title=\"Ingelheim (2014)\" crop=\"\" width=\"5184\" height=\"3456\" src=\"https:\/\/mich-bloggen.de\/wordpress\/wp-content\/uploads\/2015\/12\/MG_3118.jpg\" data-src=\"https:\/\/mich-bloggen.de\/wordpress\/wp-content\/uploads\/2015\/12\/MG_3118.jpg\" data-caption=\"Ingelheim (2014)\" srcset=\"https:\/\/mich-bloggen.de\/wordpress\/wp-content\/uploads\/2015\/12\/MG_3118.jpg 5184w, https:\/\/mich-bloggen.de\/wordpress\/wp-content\/uploads\/2015\/12\/MG_3118-640x427.jpg 640w, https:\/\/mich-bloggen.de\/wordpress\/wp-content\/uploads\/2015\/12\/MG_3118-768x512.jpg 768w, https:\/\/mich-bloggen.de\/wordpress\/wp-content\/uploads\/2015\/12\/MG_3118-1024x683.jpg 1024w, https:\/\/mich-bloggen.de\/wordpress\/wp-content\/uploads\/2015\/12\/MG_3118-750x500.jpg 750w\" sizes=\"auto, (max-width: 767px) 89vw, (max-width: 1000px) 54vw, (max-width: 1071px) 543px, 580px\" \/>\n\t<\/div>\n\n<\/div><div class=\"modula-item jtg-filter-all jtg-filter-\" >\n\t<div class=\"modula-item-content\">\n\t\t\n\t\t\t\t\t<a data-image-id=\"2945\" role=\"button\" tabindex=\"0\" rel=\"jtg-8233\" data-caption=\"&lt;span class=&quot;modula-caption-title&quot;&gt;Lesbos (2009)&lt;\/span&gt;\" aria-label=\"Bilder in Lightbox \u00f6ffnen\" data-thumb=\"https:\/\/mich-bloggen.de\/wordpress\/wp-content\/uploads\/2014\/11\/MG_3851.jpg\" class=\"tile-inner modula-item-link\"><\/a>\n\t\t\n\t\t<img loading=\"lazy\" decoding=\"async\" class=\"pic wp-image-2945\"  data-valign=\"middle\" data-halign=\"center\" alt=\"Lesbos (2009)\" data-full=\"https:\/\/mich-bloggen.de\/wordpress\/wp-content\/uploads\/2014\/11\/MG_3851.jpg\" title=\"Lesbos (2009)\" crop=\"\" width=\"3888\" height=\"2592\" src=\"https:\/\/mich-bloggen.de\/wordpress\/wp-content\/uploads\/2014\/11\/MG_3851.jpg\" data-src=\"https:\/\/mich-bloggen.de\/wordpress\/wp-content\/uploads\/2014\/11\/MG_3851.jpg\" data-caption=\"Lesbos (2009)\" srcset=\"https:\/\/mich-bloggen.de\/wordpress\/wp-content\/uploads\/2014\/11\/MG_3851.jpg 3888w, https:\/\/mich-bloggen.de\/wordpress\/wp-content\/uploads\/2014\/11\/MG_3851-640x426.jpg 640w, https:\/\/mich-bloggen.de\/wordpress\/wp-content\/uploads\/2014\/11\/MG_3851-1024x682.jpg 1024w, https:\/\/mich-bloggen.de\/wordpress\/wp-content\/uploads\/2014\/11\/MG_3851-50x33.jpg 50w\" sizes=\"auto, (max-width: 767px) 89vw, (max-width: 1000px) 54vw, (max-width: 1071px) 543px, 580px\" \/>\n\t<\/div>\n\n<\/div>\t\t\n\t<\/div>\n\n\t\n\t\n\t<script type=\"application\/ld+json\">\n\t{\n\t\t\"@context\": \"http:\/\/schema.org\",\n\t\t\"@type\"   : \"ImageGallery\",\n\t\t\"id\"      : \"https:\/\/mich-bloggen.de\/wordpress\/wenn-dinge-traeumen\/\",\n\t\t\"url\"     : \"https:\/\/mich-bloggen.de\/wordpress\/wenn-dinge-traeumen\/\"\n\t}\n\n\t<\/script>\n\n\t\n<\/div>\n\n","protected":false},"excerpt":{"rendered":"<p>Wenn Dinge tr\u00e4umen, wovon tr\u00e4umen sie? Und wenn sie sich erinnern, woran erinnern sie sich am Ende ihres Dinglebens? Vielleicht an einstige Gr\u00f6\u00dfe und spektakul\u00e4re Augenblicke.<\/p>\n","protected":false},"author":1,"featured_media":0,"parent":0,"menu_order":0,"comment_status":"closed","ping_status":"closed","template":"","meta":{"footnotes":""},"tags":[],"class_list":["post-4585","page","type-page","status-publish","hentry"],"yoast_head":"<!-- This site is optimized with the Yoast SEO plugin v27.3 - https:\/\/yoast.com\/product\/yoast-seo-wordpress\/ -->\n<title>Wenn Dinge tr\u00e4umen - mich bloggen<\/title>\n<meta name=\"robots\" content=\"index, follow, max-snippet:-1, max-image-preview:large, max-video-preview:-1\" \/>\n<link rel=\"canonical\" href=\"https:\/\/mich-bloggen.de\/wordpress\/wenn-dinge-traeumen\/\" \/>\n<meta property=\"og:locale\" content=\"de_DE\" \/>\n<meta property=\"og:type\" content=\"article\" \/>\n<meta property=\"og:title\" content=\"Wenn Dinge tr\u00e4umen - mich bloggen\" \/>\n<meta property=\"og:description\" content=\"Wenn Dinge tr\u00e4umen, wovon tr\u00e4umen sie? Und wenn sie sich erinnern, woran erinnern sie sich am Ende ihres Dinglebens? Vielleicht an einstige Gr\u00f6\u00dfe und spektakul\u00e4re Augenblicke.\" \/>\n<meta property=\"og:url\" content=\"https:\/\/mich-bloggen.de\/wordpress\/wenn-dinge-traeumen\/\" \/>\n<meta property=\"og:site_name\" content=\"mich bloggen\" \/>\n<meta property=\"article:modified_time\" content=\"2024-10-13T07:05:38+00:00\" \/>\n<meta name=\"twitter:card\" content=\"summary_large_image\" \/>\n<meta name=\"twitter:label1\" content=\"Gesch\u00e4tzte Lesezeit\" \/>\n\t<meta name=\"twitter:data1\" content=\"1\u00a0Minute\" \/>\n<script type=\"application\/ld+json\" class=\"yoast-schema-graph\">{\"@context\":\"https:\\\/\\\/schema.org\",\"@graph\":[{\"@type\":\"WebPage\",\"@id\":\"https:\\\/\\\/mich-bloggen.de\\\/wordpress\\\/wenn-dinge-traeumen\\\/\",\"url\":\"https:\\\/\\\/mich-bloggen.de\\\/wordpress\\\/wenn-dinge-traeumen\\\/\",\"name\":\"Wenn Dinge tr\u00e4umen - mich bloggen\",\"isPartOf\":{\"@id\":\"https:\\\/\\\/mich-bloggen.de\\\/wordpress\\\/#website\"},\"datePublished\":\"2015-12-19T10:32:21+00:00\",\"dateModified\":\"2024-10-13T07:05:38+00:00\",\"breadcrumb\":{\"@id\":\"https:\\\/\\\/mich-bloggen.de\\\/wordpress\\\/wenn-dinge-traeumen\\\/#breadcrumb\"},\"inLanguage\":\"de\",\"potentialAction\":[{\"@type\":\"ReadAction\",\"target\":[\"https:\\\/\\\/mich-bloggen.de\\\/wordpress\\\/wenn-dinge-traeumen\\\/\"]}]},{\"@type\":\"BreadcrumbList\",\"@id\":\"https:\\\/\\\/mich-bloggen.de\\\/wordpress\\\/wenn-dinge-traeumen\\\/#breadcrumb\",\"itemListElement\":[{\"@type\":\"ListItem\",\"position\":1,\"name\":\"Startseite\",\"item\":\"https:\\\/\\\/mich-bloggen.de\\\/wordpress\\\/\"},{\"@type\":\"ListItem\",\"position\":2,\"name\":\"Wenn Dinge tr\u00e4umen\"}]},{\"@type\":\"WebSite\",\"@id\":\"https:\\\/\\\/mich-bloggen.de\\\/wordpress\\\/#website\",\"url\":\"https:\\\/\\\/mich-bloggen.de\\\/wordpress\\\/\",\"name\":\"mich bloggen\",\"description\":\"\",\"publisher\":{\"@id\":\"https:\\\/\\\/mich-bloggen.de\\\/wordpress\\\/#\\\/schema\\\/person\\\/57f4e2547b208052b880249ae8638510\"},\"potentialAction\":[{\"@type\":\"SearchAction\",\"target\":{\"@type\":\"EntryPoint\",\"urlTemplate\":\"https:\\\/\\\/mich-bloggen.de\\\/wordpress\\\/?s={search_term_string}\"},\"query-input\":{\"@type\":\"PropertyValueSpecification\",\"valueRequired\":true,\"valueName\":\"search_term_string\"}}],\"inLanguage\":\"de\"},{\"@type\":[\"Person\",\"Organization\"],\"@id\":\"https:\\\/\\\/mich-bloggen.de\\\/wordpress\\\/#\\\/schema\\\/person\\\/57f4e2547b208052b880249ae8638510\",\"name\":\"Michael\",\"image\":{\"@type\":\"ImageObject\",\"inLanguage\":\"de\",\"@id\":\"https:\\\/\\\/mich-bloggen.de\\\/wordpress\\\/wp-content\\\/uploads\\\/2016\\\/01\\\/cropped-logo2-7.png\",\"url\":\"https:\\\/\\\/mich-bloggen.de\\\/wordpress\\\/wp-content\\\/uploads\\\/2016\\\/01\\\/cropped-logo2-7.png\",\"contentUrl\":\"https:\\\/\\\/mich-bloggen.de\\\/wordpress\\\/wp-content\\\/uploads\\\/2016\\\/01\\\/cropped-logo2-7.png\",\"width\":512,\"height\":512,\"caption\":\"Michael\"},\"logo\":{\"@id\":\"https:\\\/\\\/mich-bloggen.de\\\/wordpress\\\/wp-content\\\/uploads\\\/2016\\\/01\\\/cropped-logo2-7.png\"}}]}<\/script>\n<!-- \/ Yoast SEO plugin. -->","yoast_head_json":{"title":"Wenn Dinge tr\u00e4umen - mich bloggen","robots":{"index":"index","follow":"follow","max-snippet":"max-snippet:-1","max-image-preview":"max-image-preview:large","max-video-preview":"max-video-preview:-1"},"canonical":"https:\/\/mich-bloggen.de\/wordpress\/wenn-dinge-traeumen\/","og_locale":"de_DE","og_type":"article","og_title":"Wenn Dinge tr\u00e4umen - mich bloggen","og_description":"Wenn Dinge tr\u00e4umen, wovon tr\u00e4umen sie? Und wenn sie sich erinnern, woran erinnern sie sich am Ende ihres Dinglebens? Vielleicht an einstige Gr\u00f6\u00dfe und spektakul\u00e4re Augenblicke.","og_url":"https:\/\/mich-bloggen.de\/wordpress\/wenn-dinge-traeumen\/","og_site_name":"mich bloggen","article_modified_time":"2024-10-13T07:05:38+00:00","twitter_card":"summary_large_image","twitter_misc":{"Gesch\u00e4tzte Lesezeit":"1\u00a0Minute"},"schema":{"@context":"https:\/\/schema.org","@graph":[{"@type":"WebPage","@id":"https:\/\/mich-bloggen.de\/wordpress\/wenn-dinge-traeumen\/","url":"https:\/\/mich-bloggen.de\/wordpress\/wenn-dinge-traeumen\/","name":"Wenn Dinge tr\u00e4umen - mich bloggen","isPartOf":{"@id":"https:\/\/mich-bloggen.de\/wordpress\/#website"},"datePublished":"2015-12-19T10:32:21+00:00","dateModified":"2024-10-13T07:05:38+00:00","breadcrumb":{"@id":"https:\/\/mich-bloggen.de\/wordpress\/wenn-dinge-traeumen\/#breadcrumb"},"inLanguage":"de","potentialAction":[{"@type":"ReadAction","target":["https:\/\/mich-bloggen.de\/wordpress\/wenn-dinge-traeumen\/"]}]},{"@type":"BreadcrumbList","@id":"https:\/\/mich-bloggen.de\/wordpress\/wenn-dinge-traeumen\/#breadcrumb","itemListElement":[{"@type":"ListItem","position":1,"name":"Startseite","item":"https:\/\/mich-bloggen.de\/wordpress\/"},{"@type":"ListItem","position":2,"name":"Wenn Dinge tr\u00e4umen"}]},{"@type":"WebSite","@id":"https:\/\/mich-bloggen.de\/wordpress\/#website","url":"https:\/\/mich-bloggen.de\/wordpress\/","name":"mich bloggen","description":"","publisher":{"@id":"https:\/\/mich-bloggen.de\/wordpress\/#\/schema\/person\/57f4e2547b208052b880249ae8638510"},"potentialAction":[{"@type":"SearchAction","target":{"@type":"EntryPoint","urlTemplate":"https:\/\/mich-bloggen.de\/wordpress\/?s={search_term_string}"},"query-input":{"@type":"PropertyValueSpecification","valueRequired":true,"valueName":"search_term_string"}}],"inLanguage":"de"},{"@type":["Person","Organization"],"@id":"https:\/\/mich-bloggen.de\/wordpress\/#\/schema\/person\/57f4e2547b208052b880249ae8638510","name":"Michael","image":{"@type":"ImageObject","inLanguage":"de","@id":"https:\/\/mich-bloggen.de\/wordpress\/wp-content\/uploads\/2016\/01\/cropped-logo2-7.png","url":"https:\/\/mich-bloggen.de\/wordpress\/wp-content\/uploads\/2016\/01\/cropped-logo2-7.png","contentUrl":"https:\/\/mich-bloggen.de\/wordpress\/wp-content\/uploads\/2016\/01\/cropped-logo2-7.png","width":512,"height":512,"caption":"Michael"},"logo":{"@id":"https:\/\/mich-bloggen.de\/wordpress\/wp-content\/uploads\/2016\/01\/cropped-logo2-7.png"}}]}},"_links":{"self":[{"href":"https:\/\/mich-bloggen.de\/wordpress\/wp-json\/wp\/v2\/pages\/4585","targetHints":{"allow":["GET"]}}],"collection":[{"href":"https:\/\/mich-bloggen.de\/wordpress\/wp-json\/wp\/v2\/pages"}],"about":[{"href":"https:\/\/mich-bloggen.de\/wordpress\/wp-json\/wp\/v2\/types\/page"}],"author":[{"embeddable":true,"href":"https:\/\/mich-bloggen.de\/wordpress\/wp-json\/wp\/v2\/users\/1"}],"replies":[{"embeddable":true,"href":"https:\/\/mich-bloggen.de\/wordpress\/wp-json\/wp\/v2\/comments?post=4585"}],"version-history":[{"count":4,"href":"https:\/\/mich-bloggen.de\/wordpress\/wp-json\/wp\/v2\/pages\/4585\/revisions"}],"predecessor-version":[{"id":8234,"href":"https:\/\/mich-bloggen.de\/wordpress\/wp-json\/wp\/v2\/pages\/4585\/revisions\/8234"}],"wp:attachment":[{"href":"https:\/\/mich-bloggen.de\/wordpress\/wp-json\/wp\/v2\/media?parent=4585"}],"wp:term":[{"taxonomy":"post_tag","embeddable":true,"href":"https:\/\/mich-bloggen.de\/wordpress\/wp-json\/wp\/v2\/tags?post=4585"}],"curies":[{"name":"wp","href":"https:\/\/api.w.org\/{rel}","templated":true}]}}